7
Let a(z) be the third derivative of 0*z**4 + 0*z + 1/60*z**5 + 3*z**2 + 1/6*z**3 + 0. What are the prime factors of a(1)?
2
Suppose 12*l - 18*l + 924 = 0. List the prime factors of l.
2, 7, 11
Let a = 96 - 43. List the prime factors of a.
53
Suppose 3*y = -n - 3, -5*n - 4*y = y + 5. Let r(l) = 2*l - 8. Let i be r(6). Suppose k + i*k - 15 = n. What are the prime factors of k?
3
Suppose 7*u - 16 = 3*u. Suppose -u*j - 26 = -4*l - 114, -4*l + 80 = 3*j. List the prime factors of j.
2, 3
Let a be ((-4)/(-5))/((-4)/(-10)). Suppose 4*p = 22 - a. What are the prime factors of p?
5
Suppose -3*d + 3*v + 2*v = -21, 2*v = -d - 4. Let z = 1 + d. Let b(o) = -o**2 + 3*o + 2. What are the prime factors of b(z)?
2
Suppose 2*a - 66 + 5 = i, 0 = -a - 4*i + 53. Let w = -22 + a. What are the prime factors of w?
11
Let c = 18 - 1. Let z = 32 - c. Suppose 3*r + 3 = z. List the prime factors of r.
2
What are the prime factors of 45/2 + (-4)/(-8)?
23
Suppose 0*s - 4 = 4*s. Let r be -1 - (-20 + (s - -3)). Suppose 4*b = r - 1. List the prime factors of b.
2
Let m be (2/(-4))/((-2)/52). Let x(v) = v**3 - 13*v**2 + v + 2. What are the prime factors of x(m)?
3, 5
Suppose -4*c + 0*b + 5*b + 2 = 0, c + b = 5. Suppose -2 = -c*r + 4. List the prime factors of r.
2
Suppose 5*p + 60 = p. Let v = p - -10. Let k(o) = -o**2 - 7*o. List the prime factors of k(v).
2, 5
Let o be (0 + (1 - 4))/1. Let f = -1 - o. Suppose f*x - 16 = -0. List the prime factors of x.
2
List the prime factors of (-7)/((-14)/12)*3.
2, 3
Let p = 23 + -8. Let j = 27 - p. Suppose c = j - 0. What are the prime factors of c?
2, 3
Let t(z) = -z**3 + 2*z**2 - 2*z + 67. List the prime factors of t(0).
67
Let j be ((-18)/4)/(3/(-42)). Suppose -5*z = -3*l + j, -5*l + 0*z + 86 = -2*z. List the prime factors of (-56)/(-10) + l/40.
2, 3
Suppose h - n - 5 = 0, h - 2*n - 2*n - 14 = 0. Suppose -a = -3*j - 24 + h, -5*a = 2*j - 42. Let s = a + 0. What are the prime factors of s?
2, 5
Suppose -4*h + 50 = h. Let n(g) = -h + 3*g + g - 6*g. List the prime factors of n(-8).
2, 3
Let t(z) = z + z**3 - z + z**2 + 8*z**3 - 1. What are the prime factors of t(1)?
3
Suppose 16 = l + 3*l. Suppose l*f = 41 + 39. List the prime factors of f.
2, 5
Let g(j) = j**2 + j + 21. What are the prime factors of g(0)?
3, 7
Suppose -3*h - 5*t = -37, 34 + 21 = 5*h + 5*t. Suppose -h = -2*c + 5. Let i = 1 + c. What are the prime factors of i?
2
Let g(n) = n**2 + 15*n + 5. What are the prime factors of g(8)?
3, 7
Let x be 22/(-99) + 38/9. Let z = -6 - -57. Suppose z = x*p - p. What are the prime factors of p?
17
Let g be (1/2)/(3/36). Let q be 4*(-1)/(-6)*3. Let a = g + q. What are the prime factors of a?
2
List the prime factors of 1918/35 + (-2)/(-10).
5, 11
Let g(b) = -79*b**3 - 2*b**2 - 4*b - 3. List the prime factors of g(-1).
2, 3, 13
Suppose 2*m - 3*m = 0. Suppose 0 = -4*t - 16, m = r + r - t - 22. List the prime factors of r.
3
Let b = 521 + -192. List the prime factors of b.
7, 47
Let j(b) = 6 - 2*b + 3 + b + 0. List the prime factors of j(-6).
3, 5
Let i(c) = c**2 + 1 + 1 + 1 + 3*c. Let m be i(-3). Suppose 61 = 5*o + 2*j, 5*o + m*j - 8*j - 40 = 0. What are the prime factors of o?
11
Suppose 0 = -l + 114 + 32. Suppose 4*d + 103 = 3*o, 4*o + 3*d - 4*d - l = 0. What are the prime factors of o?
37
Suppose -4*x + 3*x + 120 = 0. What are the prime factors of x?
2, 3, 5
Let m(h) = h**3 + h. Let j(t) = t**3 - 4*t**2 + 4*t - 3. Let i be j(3). Let r be m(i). Let b(g) = -g**3 + g + 13. What are the prime factors of b(r)?
13
Suppose -3*c + 4 = -8. Suppose c*r = -5*p + 19, 5*p - 19 = 3*r - 77. What are the prime factors of r?
11
Let m(l) = -l**2 - 8*l - 9. Suppose j - 4*j - 18 = 0. What are the prime factors of m(j)?
3
Suppose 0 = -0*f + 4*f - 3*a + 4, 2*f - 16 = -3*a. Let x be -6 - (f + 0 + -4). Let c(g) = -2*g + 1. What are the prime factors of c(x)?
3
Suppose 2*k + 3*k + 20 = 0. Let v be (6/4)/((-3)/k). Suppose -v*f + 30 = 3*f. List the prime factors of f.
2, 3
Let z(i) = 6*i + 16. List the prime factors of z(30).
2, 7
Let m = 85 + -52. List the prime factors of m.
3, 11
Let t(x) = -4*x**3 - x**2. Let m = -6 + 5. What are the prime factors of t(m)?
3
Let j = -219 + 323. List the prime factors of j.
2, 13
Suppose 0*v = -v + 4*n - 4, -15 = -5*n. Let a be (-1 - 6/(-4))*v. Suppose -m + a = -13. What are the prime factors of m?
17
Suppose 2*c - 5*w - 5 = 0, -c + 5*w - 40 = -2*c. Suppose 6*m - c = m. List the prime factors of m.
3
Let j = 3 + 0. Suppose 0*f - j*f = -30. List the prime factors of f.
2, 5
Let c = 29 - 20. List the prime factors of c.
3
List the prime factors of (-36)/(-54)*(14/4 - -1).
3
Let r(n) = n - 4. Let k(j) = -1. Let y(h) = -3*k(h) + r(h). What are the prime factors of y(5)?
2
Suppose 2*m - 5*u - 8 = 0, -4*u = 2*m - 3*m + 7. List the prime factors of ((-1)/2)/(m/58).
29
Let z(x) = x**2 + 13*x - 12. Let p be z(-14). Suppose 43 = -n + p*n. What are the prime factors of n?
43
Let v(q) = -3*q**3 - 4*q**2 + 6. What are the prime factors of v(-3)?
3, 17
Let a = -22 + 67. What are the prime factors of a?
3, 5
Let z be (-6)/(-21) - 52/(-14). Suppose 0 = -2*a + a - 5*c - z, -c = 4. Let q = -6 + a. List the prime factors of q.
2, 5
Let f(z) = -5*z - 15. Let u be f(-12). Suppose 3*k - 15 + 3 = 0. Suppose -4*n - n = -i - u, -k*n + 5*i = -36. What are the prime factors of n?
3
Let j(p) = p**3 - 3*p**2 + 5*p - 2. Let r be j(2). Suppose 3*n + 3*t = -2*n + 30, -r*n + 3*t + 51 = 0. What are the prime factors of n?
3
Let l(c) = 2 + 0 + 2*c + c**2 + 5*c. Let b(u) = u. Let y(k) = b(k) + l(k). What are the prime factors of y(-8)?
2
Let s(x) = x**3 + x**2 + x + 2. Let n be s(0). Let u(v) = 4*v + 1 + 2*v**n + 2 + 0*v. What are the prime factors of u(-3)?
3
Let r = -8 + 108. List the prime factors of r.
2, 5
Suppose 3*b - 9 = -0. Let k = b + -7. What are the prime factors of k/(-6) - (-44)/6?
2
Suppose -20 = 4*t - 0*t - 2*r, -5*t - r = 32. Let n = t + 9. What are the prime factors of n?
3
Let k = 171 + 7. What are the prime factors of k?
2, 89
Let k(x) = -x - 7. Let c be k(-3). Let g(o) = -2*o + 2. What are the prime factors of g(c)?
2, 5
Let f(k) = 2*k - 3. Let d = -7 + 15. What are the prime factors of f(d)?
13
Suppose 4*z - j = -4*j + 11, 25 = 2*z - 5*j. Suppose 8*g - 4*g - 107 = -z*h, 157 = 4*g - 5*h. List the prime factors of g.
3, 11
Suppose -z + 77 = 4*v, -v - 3*z = 2*v - 51. List the prime factors of v.
2, 5
Let j(y) be the second derivative of -y**4/12 + 4*y**3/3 - 7*y**2/2 - 2*y. Suppose 6 = 2*s - 4. List the prime factors of j(s).
2
Let g be -3 - -6 - 0 - 3. Let q = 14 + g. What are the prime factors of q?
2, 7
Let s(y) = 4*y - 2. Let d be s(-2). What are the prime factors of (-48)/5*d/3?
2
Suppose 0 = g + 2*g + 27. Let p = g - -20. What are the prime factors of p?
11
Let r(v) = v**2 - v - 2. Let c be r(3). List the prime factors of (31/c)/(2/8).
31
Let i = -5 - -14. Let j(h) = h**3 - 8*h**2 - 9*h + 9. What are the prime factors of j(i)?
3
Let k = -4 - -7. Suppose 0*r = -k*r + 6. Suppose -r*m + 16 + 0 = 0. List the prime factors of m.
2
Let h(q) = 10*q - 2*q + 1 + q**2 + 4*q. What are the prime factors of h(-13)?
2, 7
Let p = -47 - -18. Suppose 22 = -3*u + u. Let k = u - p. List the prime factors of k.
2, 3
Suppose -126 = -4*l - 2*m, -3*m + 7*m = -3*l + 87. Suppose -4*p = -5*a - 157 + 25, -p - 5*a + l = 0. List the prime factors of p.
3, 11
Let a = 4 - -1. Let u(j) = -3*j - 4*j**2 + 5*j**2 + 0*j**2. List the prime factors of u(a).
2, 5
Let h(y) = -22*y + 8. What are the prime factors of h(-5)?
2, 59
Suppose -4*q - 294 = 170. Let n = q - -166. What are the prime factors of n?
2, 5
Let j be ((-5)/4)/((-1)/4). Suppose 3*k = j + 16. What are the prime factors of k?
7
Suppose 5*u + 189 = -91. Let q = u + 80. What are the prime factors of q?
2, 3
List the prime factors of 1 + -1 - -314*6/12.
157
Let v(o) = -o + 2. Let g be v(5). List the prime factors of g - (0/(-4) - 35).
2
Suppose 0*s + 3 = -3*s. List the prime factors of (s - (-46)/6)*3.
2, 5
Let f(p) = 3*p**2 - 3*p + 3. List the prime factors of f(3).
3, 7
Let y be 24/10 + 6/(-15). Suppose g - 14 = -y*w, -28 = -4*w + g - 0*g. Suppose 3 = 2*c - w. List the prime factors of c.
5
Suppose 3*c + 4*f = 10, 0 = -c - 3*c - 3*f + 11. Let z(y) = y + 1. List the prime factors of z(c).
3
List the prime factors